+ 3*p. Is u a composite number?
False
Suppose 3*q - 146 = -4*u, u = -q - 0*u + 50. Let m = q - 49. Suppose 0 = m*y - 6*y + 1195. Is y a prime number?
False
Let j be (-62)/(-10) - ((-4)/20)/(-1). Let x = j - 3. Is (4 - (-2 - -5) - x) + 259 composite?
False
Let x be (8 - (-57)/(-6)) + 79481/2. Suppose 35*b - 28*b - x = 0. Is b composite?
True
Let t be 37/407 + (-3892)/(-22). Suppose z - 5*u = -3*z + 5075, -5085 = -4*z + 3*u. Suppose 233 + t = l + 4*r, 3*l - 3*r - z = 0. Is l a prime number?
False
Let d = 18016 + -11237. Is d a prime number?
True
Let i(t) = t - 14 + 9 - 3*t + 3*t. Let s be i(8). Is -254*s/(30/(-35)) prime?
False
Let o(l) = -218*l**3 + 2*l**2 + 4*l - 3. Let g(q) = -q**3 - q**2. Let b be 2 - 8 - (0 + -2)*1. Let d(w) = b*g(w) - o(w). Is d(2) composite?
True
Let f be -4 - (-850)/60 - 2/12. Is 5 - 4 - f*-945 composite?
True
Let d be (-7)/(21/(-168)*8). Suppose 0 = 5*l - 10, 4*k - 4 = -5*l - 2. Is 2 + k - (-3 + d) - -55 a prime number?
False
Let g = -1387 + 27554. Is g prime?
False
Let f(l) be the first derivative of 26*l**3/3 + 15*l**2/2 - 40*l + 33. Is f(11) composite?
False
Let o(t) = t**2 + t - 15. Let b be o(3). Let r(j) = 3292*j**2 + 7*j + 22. Is r(b) composite?
False
Let l = -17730 + 59886. Is (0 - 24/(-9))*l/48 a composite number?
True
Let i(q) be the third derivative of q**5/60 + 7*q**4/12 - q**3/6 - 50*q**2 + q. Is i(16) composite?
False
Is (17930/40)/(-11)*-4124 a prime number?
False
Let j be (-327)/(-6)*(-20 - -22). Let s be (-5)/30 + (-542)/(-12). Suppose 2*h = s + j. Is h composite?
True
Let z(a) be the second derivative of -2/3*a**3 + 7/2*a**2 + 1/6*a**4 + 0 - 6*a + 3/10*a**5. Is z(2) composite?
True
Let a(c) = -3153*c + 62. Let v be a(5). Let p = -6368 - v. Is p composite?
True
Let h be 2/(-1) + (-28)/(-14). Let x be ((-4)/(4/1))/1*h. Suppose t - 87 - 70 = x. Is t composite?
False
Let n(q) = -8642*q - 9. Let z be n(-2). Suppose -23*a = -28*a + z. Is a a prime number?
False
Suppose -3*r - 3*m - 3 = 0, -10 = 6*m - 4*m. Let d be 267/1*(-2)/(-6). Suppose n = 2*z + d, -r*n + 62 = -z - 308. Is n composite?
True
Let u be 48/9 + 24/(-18). Let k be 115 - (-5)/(20/u). Let z = 369 - k. Is z composite?
True
Let g(j) = j**2 - 8*j - 61. Let v be g(13). Suppose -6*o = 4*p - o - 6231, 2*p = -v*o + 3108. Is (-7 + (-3 - -11))*(1 + p) a prime number?
False
Suppose -a + 6*a - f - 47525 = 0, -3*a + 28515 = f. Is a prime?
False
Let h(q) = q**3 - 26*q**2 - 23*q + 51. Let m be h(19). Let k = m - -4984. Is k a prime number?
False
Suppose 0 = 4*r + 2*r - 12. Let u(h) = 7322*h - 15. Is u(r) a composite number?
False
Let o(s) = 2359*s + 1660. Is o(17) composite?
True
Suppose 2*l + 4 = -0*l. Suppose -4*n = 4*z - 252, 5*n - 9*z - 315 = -5*z. Is 6*n/4 - 1/l a prime number?
False
Let w = 8105 - -408. Is w a prime number?
True
Let i(a) = a**3 + 7*a**2 + 15*a + 8. Let b be i(-7). Let j = b - -175. Suppose -3*x + 291 = j. Is x a composite number?
False
Let n(p) = -12422*p - 41. Let h be n(-6). Suppose h + 58644 = 5*d. Is d a prime number?
True
Suppose 806467 = 19*g - 232814. Is g a composite number?
True
Let m = 32 + -27. Let j = 1 - 1. Suppose -m*a + x - 93 + 1263 = j, 4*a - x = 937. Is a composite?
False
Let l = -95400 - -176485. Is l a prime number?
False
Let m = -198 + 281. Let y be ((-12)/5)/((-1)/120). Let u = y - m. Is u a composite number?
True
Let r(o) = -8*o + 11. Suppose 4*u - 6 = 5*h + 4, -u + h + 3 = 0. Suppose -3*n + 47 = -u*q, n + 10 + 14 = -4*q. Is r(q) composite?
False
Let d = -115039 - -203030. Is d prime?
True
Suppose 3*c - 9 = -f + 941, 0 = 3*c - 3*f - 966. Suppose -4*u - c = 15*m - 17*m, 5*u = 3*m - 479. Is m a composite number?
False
Suppose 0 = 4*u - v - 97, 2*v + 3*v + 101 = 4*u. Suppose 5079 = -21*a + u*a. Is a a composite number?
False
Let f = -472 + 606. Suppose 0 = -f*n + 132*n + 1814. Is n a composite number?
False
Suppose 4*z - 43490 = -4954. Suppose -188326 + z = -12*j. Is j prime?
True
Let g be (-18)/(-153) + (-896436)/(-68). Let y = g + -8786. Is y composite?
False
Let l(x) = -97144*x - 1759. Is l(-2) a composite number?
False
Let w(l) = 13*l**3 + 28*l**2 + 14*l - 12. Let c be w(15). Suppose -17*o + c + 13870 = 0. Is o prime?
True
Let x = -912944 - -1503043. Is x composite?
False
Suppose -5 = 3*q - 4*k - 1, -2*q - 4 = -3*k. Suppose v - q*g = -v + 13046, 32603 = 5*v + 2*g. Is v a composite number?
False
Let f be (-3)/6*-11379*84/9. Is ((-12)/42)/((-4)/f) a composite number?
False
Let t(v) = 211*v**3 + 21*v**2 - 30*v + 21. Is t(8) a composite number?
True
Suppose h - 441 = 1415. Suppose 2*n + h = 4*o + n, -o + n + 461 = 0. Suppose -5*k - 5*f + o = 0, -3*k + f - 113 = -376. Is k a composite number?
False
Let c(h) = 9*h - 76. Let n be c(9). Suppose -2*b = -n*m - 0*m + 5745, -3*m + 3*b + 3438 = 0. Is m prime?
True
Suppose -c + 31 + 26 = 4*p, -6 = 2*c. Is (16581/p - -6)/(1/5) a composite number?
False
Let q(z) = z**3 - 3*z**2 - z + 6. Let h be q(3). Let g be ((-2)/h)/((-3)/9). Suppose 0 = -5*s - t + 1329, -g*t = -s + 2*t + 249. Is s prime?
False
Suppose -5*o = 4*b - 5580, 26*b - 25*b = 5. Is (-5)/(-5) + -2 + o composite?
True
Let o = -385 + 427. Suppose -34*q = -o*q + 75304. Is q prime?
True
Suppose 7*b = 5*b + 2920. Suppose 12*q - 8*q - b = 0. Suppose -514 - q = -3*g. Is g a prime number?
True
Let t = 290202 - 184219. Is t a composite number?
False
Let i = 58949 + 187454. Is i prime?
True
Let j = -476 - -480. Is (14/35)/((-8)/(-12895))*j composite?
False
Let p(o) = 73*o**2 + 8*o - 168. Let g be p(11). Let a = g - 2270. Is a composite?
True
Suppose -24*j - 27*j + 348316 = 73*j. Is j composite?
True
Let z = -46892 + 127029. Is z prime?
False
Let y be (2 + -4 - -3733) + 0. Let h = 4252 - 4248. Suppose 5*t - x - 3711 = 0, h*t = -t - 4*x + y. Is t a composite number?
False
Suppose 0 = 5*w + 5*w - 70. Suppose w*z - 9 = 5. Is (-471)/z*(-28)/6 composite?
True
Suppose -20*u - 211847 = -61*u. Suppose -5*d = -x + u, 2*x - 3*d - 9856 = 499. Is x composite?
True
Suppose 0 = -5*c + 2*c + 27. Suppose 2*k = c*k. Suppose -3*j - 3*a + 2094 = k, -4*j - 5*a + 663 + 2126 = 0. Is j a prime number?
True
Suppose 60 = 148*k - 136*k. Suppose 3828 = 3*z + s, -4*z - 5123 = -8*z + k*s. Is z prime?
True
Suppose -z + 1 = -2. Suppose 3*m + 4*s - 102 = 2*s, z*s - 137 = -4*m. Suppose 37*y - 6805 = m*y. Is y prime?
True
Let j(n) = 3569*n - 9. Let c be j(10). Suppose -4*l - 5798 = u, -4*u - 4*l - c = -12501. Let f = -2441 - u. Is f prime?
False
Suppose -2*n + 31*p = 34*p - 678512, -2*n = -3*p - 678548. Is n prime?
False
Suppose -28 = 36*l - 35*l. Is (-510068)/l + 5 + (-99)/21 a prime number?
True
Suppose -253*g + 40336132 = 303*g. Is g prime?
True
Let c be (-6)/75*5 + (-81)/(-15). Suppose 237315 = c*h + 5*q, 3*q + 102996 = 4*h - 86828. Is h a prime number?
True
Is (38/(-5))/(16/(-89480)) a prime number?
False
Suppose g = h + 36 + 58, 96 = -h - g. Let z = h - -14202. Is z a composite number?
False
Let v(t) = 15*t - 142. Let j be v(10). Suppose 0 = 2*c + 2, -4*c = -5*r - j*c + 374041. Is r composite?
True
Suppose -593*d + 607*d - 1141294 = 0. Is d composite?
True
Is (97/(-291))/(((-8)/(-4))/(-1459554)) a composite number?
False
Let c(o) = -127*o**3 + 18*o**2 + 45*o + 27. Is c(-19) a prime number?
False
Let s be (-4)/(-36)*-2 - (-980)/36. Suppose -3429 = -s*z + 18*z. Is (190/57)/((-760)/z - -2) composite?
True
Suppose d = 3*u + 1274, 93*d - 6280 = 88*d - 3*u. Is d prime?
True
Suppose -4 = 5*d - 19. Let w be -24*(12/(-8) - (2 - d)). Is (-6704)/w*3/(-2) composite?
True
Suppose 0 = -34*c - 101*c + 12268935. Is c a prime number?
False
Suppose 2*y + 2 + 8 = 0, -3*i - y = 20. Let c(q) = 209*q**2 + 3*q - 12. Let w be c(i). Suppose 4*u - 4*a = 4184, 2*a = -5*u - a + w. Is u a composite number?
True
Suppose -2*u + 5 = -h - 1, -4*h + 1 = -3*u. Suppose u*t + 24 = 11*t. Is 14/4 - 6/t prime?
True
Let m(f) = f**3 - 6*f**2 + 84*f + 193. Is m(66) a composite number?
False
Let o be ((-132)/(-18) + -6)/(2/3). Suppose -3 = -3*a, o*f - 3*a - 25 = -8*a. Is -3 + f + 1234 - (-4)/2 a prime number?
False
Let v = -27 + 57. Suppose -4*n = s + 21 - 5, 0 = 5*s - 2*n - v. Suppose s*w = 4253 + 311. Is w composite?
True
Let s be (18/(-8))/3 + (-684)/48. Let x be (s/10)/(1/(-2)). Suppose -5*m + 3827 = -0*v + 2*v, -4*m = x*v - 3056. Is m prime?
False
Suppose -18*v = 13*v - 514099 - 980752. Is 